- -3. Suppose q - 4*q = u. Calculate s(q).
-4
Let d(o) = -10*o**3 + o**2 - o + 1. Let l = 34 + -33. What is d(l)?
-9
Suppose 4 = l + d, 0*l - 4*l - 5 = -3*d. Let x(t) = 5*t**2 + t. What is x(l)?
6
Suppose -4*u + 3*o - 44 = 0, -u - o - 4 = -0*u. Let k = u + 13. Let a(s) = 5*s - 3*s**2 - 2*s**2 - s**2 + s**3. Calculate a(k).
0
Let g(k) = -4*k. Let b(m) = 5*m. Let a be 136/22 + (-14)/77. Let p(l) = a*g(l) + 5*b(l). Give p(1).
1
Suppose -o - 2*y = 5, 0 = 4*o - o + y - 5. Let m(i) = i**o - i + 4 - 5 - 2*i. Suppose 8*v - 3*n = 3*v - 1, -v + 13 = -5*n. Determine m(v).
-3
Let f(x) = x**3 + x**2 - x + 1. Let d(n) = -12*n**3 - 6*n**2 + 6*n - 6. Let h(w) = -d(w) - 6*f(w). Let g(m) = m**2 - 3*m - 9. Let y be g(5). Calculate h(y).
6
Suppose 4*i + 18 = v + v, -i - 3 = v. Let j(q) = 11*q - 1. What is j(v)?
10
Suppose -5*g + 2*v + 13 = -7, -23 = g + 5*v. Let d(m) = -m + g*m - m**3 - 2*m. Let w(u) = -u**3 + 2*u**2 - 2*u + 3. Let f(j) = 2*d(j) - w(j). Determine f(-3).
6
Let u(l) be the second derivative of l - 5/6*l**3 - 1/3*l**4 - l**2 + 0 + 1/20*l**5. Calculate u(5).
-2
Let f(z) be the first derivative of -z**5/20 - z**4/12 + 2*z**3/3 + z**2 + 4*z + 3. Let n(a) be the first derivative of f(a). Calculate n(-3).
8
Let m be (-1 - (-3)/9)*-3. Let q(f) = -m + 19*f - 8*f - 10*f. Determine q(4).
2
Suppose 5 + 15 = 2*w. Let p be 25/w*4/10. Let l(n) be the first derivative of 2*n**2 - n - 1. Give l(p).
3
Let q(c) = 3 + 2 + 0 + 2*c. What is q(-6)?
-7
Let q(l) = -5*l**2 - 14*l - 12. Let k(p) = -3*p**2 - 9*p - 8. Let i(t) = 8*k(t) - 5*q(t). Let c be ((23 - -2) + 1)/2. Suppose 0 = 4*b + 1 - c. Give i(b).
-1
Let n(u) = -u**3 + 7*u**2 - 6*u + 5. Let o(i) = 5*i**3 - 35*i**2 + 29*i - 25. Let r(d) = 11*n(d) + 2*o(d). Give r(6).
-7
Let c(k) = -57 + 4*k**2 - 2*k + 121 - 64 + k**3. What is c(-5)?
-15
Let s = -5 + 2. Let g(u) = -u**2 - 2*u. Let o be g(s). Let a(f) = f**2 + 3*f + 3. Give a(o).
3
Let q(t) = -30*t + 21. Let k(a) = 3*a - 2. Let v(b) = -21*k(b) - 2*q(b). Give v(1).
-3
Let i(l) = -l**2 + 6*l. Suppose -2*b - 2*w = -14, w = 2*b - 3*w + 4. What is i(b)?
8
Let w(x) = x**2 + x. Let n(f) = -4*f**3 - 1. Let g be n(-1). Determine w(g).
12
Let t(w) = -w + 3. Let s be t(0). Let c be 1 - s/(3 + -6). Let q(u) = c*u**2 - 4 - u**2 + 5 - 6*u + 0. What is q(5)?
-4
Let l(w) = w**3 - 2*w**2 + w - 1. Let f = -2 - -6. Suppose 0 = f*b - 28 - 4. Suppose -5*o + 2*c + b = 0, 5 = 3*o + o - 3*c. Calculate l(o).
1
Let k(b) = -b**2 - b + 7. Let d(s) be the second derivative of -s**3/6 + 5*s**2 + 3*s. Let g be d(6). Let w = -4 + g. Give k(w).
7
Suppose r - 4 = 0, 5*k = -0*k + 2*r - 13. Let p = k - -1. Let u(a) be the second derivative of a**3/6 + 3*a**2/2 + a. What is u(p)?
3
Let v(g) = -6*g - 3. Let l(w) = 6*w + 2. Let a(z) = 4*l(z) + 3*v(z). Give a(4).
23
Let r(t) = 2*t + 3. Suppose 2*o = -2*o - 52. Let u = o + 8. Give r(u).
-7
Let w(q) = q**2 - 3*q + 1. Let n be w(2). Let h(k) = -k - 1. Let b(c) = -8*c - 5. Let d(l) = -b(l) + 6*h(l). What is d(n)?
-3
Let f(x) = x**3 - 5*x**2 - x + 2. Suppose 4*h - 2 = -14. Let j = 4 + h. Let o be (1 - j/(-1)) + 3. Determine f(o).
-3
Suppose -a + 1 - 2 = 0. Let s(q) = -9*q**2 + 2*q + 1. Give s(a).
-10
Suppose n + 5*a + 12 = -0*n, -32 = 4*n + 4*a. Let j(u) be the first derivative of u**3/3 + 7*u**2/2 - 7*u + 1. What is j(n)?
-7
Let y = -11 + 13. Let d(r) = -r**3 + r**2 - r + 1. What is d(y)?
-5
Let x(n) = -1 + 5*n + 0*n**2 - 2 - n**2. Let b(l) = -l**3 - 11*l**2 + 13*l + 17. Suppose -2*t - 25 + 1 = 0. Let z be b(t). Give x(z).
-3
Let o(w) = 3*w - 3 - 2*w + 0 + 1. Give o(3).
1
Let o(h) be the third derivative of h**6/120 + h**5/12 - h**4/4 - 5*h**2. Suppose 3*z - 15 = 4*v, 6 = -3*z - 3. What is o(v)?
0
Let f(t) be the first derivative of 2 + 4*t - 1/2*t**2. Calculate f(-5).
9
Let l be (-1 - (2 + -2))/(-1). Suppose n - 4*n + 5 = g, -l = n + 3*g. Let c(s) = 1 - 2*s**2 - 3*s**n + 2*s + s**2. Determine c(-1).
-5
Let l = 2 - 6. Let m be ((-9)/l)/(1/4). Let q = m - 15. Let u(c) = c**2 + 5*c + 1. What is u(q)?
7
Let f(d) = -d - 8. Let x(o) = -o**3 - 7*o**2 - 9*o - 1. Let y be x(-5). Calculate f(y).
-2
Let m(o) be the first derivative of -o**3/3 - 3*o**2/2 - 2*o - 25. Give m(-3).
-2
Let q be (-4)/(-18) + (-223)/(-9). Suppose -g + q = -6*g. Let v(p) = 2*p + 1 + 3*p - 3*p + 3. What is v(g)?
-6
Let u(g) be the third derivative of g**6/120 + 2*g**5/15 - 3*g**4/8 - 5*g**3/6 - 13*g**2 - 2*g. Give u(-9).
-5
Suppose 0 = j + d, d + 16 = 4*j + 1. Let r(b) = -b**2 + 4*b - 2. Let o be r(j). Let u(h) = -6*h**3 + h + o - 1. What is u(-1)?
5
Let b(v) = v**2 + 4*v - 1 - v**3 - 3*v + 2. Let g(t) = 5*t**3 - 2*t**2 + t - 9. Let u(p) = 6*b(p) + g(p). Determine u(5).
7
Let j = -3 + 2. Let h(a) = -a**2 - 7*a - 3. Let t be h(-6). Let s(y) = 3*y + t*y + y - 2*y - 1. Determine s(j).
-6
Let o(z) = -2*z**3 - 2*z**2 + z. Let f(u) = 3*u + 6. Let d be -2*4/(-2)*-1. Let c be f(d). Let x be (c/(-9))/(1/(-3)). What is o(x)?
6
Let v(o) be the first derivative of -o**2/2 + 14*o + 7. What is v(0)?
14
Let o(v) = -2*v + 8. Let u(r) = -r - 1. Let t be u(-6). Suppose 3*x = -2*b + 27, -19 - 7 = -t*x + 3*b. What is o(x)?
-6
Let v(c) = c**2 + c - 1. Let f = -3 + 7. Suppose -7 = -f*a - 3. Let n(z) = -2*z. Let p(r) = a*n(r) + v(r). Calculate p(3).
5
Suppose -6*s + 3*s + 9 = 0. Suppose -s*b + 2 = -19. Let k(y) = -y**3 + 7*y**2 + y - 10. Give k(b).
-3
Let s(r) = 17 - 2*r + 18 - r**2 - 39. What is s(-3)?
-7
Let o(x) be the second derivative of 5*x**3/6 + 3*x**2/2 + 4*x. Suppose 4*q + 2 = -2, 8 = -3*h + q. Determine o(h).
-12
Suppose 4*d + 25 = -5*a, -4*a + 2 = -d - a. Suppose 7*f - 4*f = 9. Let q(v) = -4*v**2 + 4 - v**2 - f*v + 4*v**2. Calculate q(d).
-6
Let t(o) = -2*o**3 - o**2 + 2*o + 3. Let k be (12/27)/(12/54)*-1. Give t(k).
11
Let c(p) = -2*p - 7. Let a be c(-8). Suppose 3*j = -2*j + 25, 3*y + a = 3*j. Let u(q) = q - 1 - y*q + 0*q. What is u(-5)?
4
Let f(y) be the second derivative of -y**3/6 - y**2/2 - 2*y. Let j(z) = -5*z - 6. Let c(d) = -11*f(d) + 2*j(d). Let x be (4/(-6))/(5/30). What is c(x)?
-5
Let i = 300 + -307. Let l(h) = -4*h**3 - 6*h**2 + 7*h - 2. Let a(g) = 7*g**3 + 12*g**2 - 14*g + 3. Let j(x) = 3*a(x) + 5*l(x). Give j(i).
-1
Let c(m) = -5 + 3*m**2 - m**3 - m**2 - 7*m**2 - m. Give c(-5).
0
Let f(n) = -3*n - 3 + 7*n + 0*n - 2*n**2. Calculate f(2).
-3
Let f(b) = -b**3 + 5*b**2 - 2*b - 4. Let s(t) = -t + 11. Let o be s(7). Calculate f(o).
4
Let m(y) = -3*y - 4. Let w(i) = -1. Let g(f) = m(f) - 3*w(f). Give g(-1).
2
Let t(r) be the second derivative of r**3/3 - 3*r**2/2 - r + 2. Give t(3).
3
Let u(f) = -f - 6. Let s(j) = j - 12. Let o be s(5). What is u(o)?
1
Suppose 0 = -3*z - 39 + 72. Let f(j) = j**3 - 12*j**2 + 10*j + 10. Determine f(z).
-1
Let v(b) = b**2 + 4*b. Let a be (-11)/4*24/(-6). Let f = a - 15. Let z be v(f). Let n(h) = -h + 7. What is n(z)?
7
Suppose 3*x - 6*x = -5*x. Let v(s) = -s - 8. Determine v(x).
-8
Let y(n) = 5*n - 5*n**3 - 3 - 5*n**3 + 9*n**3 + 2*n**2. What is y(3)?
3
Let k(s) = -s**2. Let p(r) = -2*r**2 + 6*r + 4. Let d(j) = 3*k(j) - p(j). Determine d(-5).
1
Suppose 0 = 4*i - 3*k - 13, 4*i - 18 = -i + 2*k. Let u(f) = 4*f - 6. Let d(p) = 9*p - 13. Suppose 2 = -b - 1. Let n(q) = b*d(q) + 7*u(q). Give n(i).
1
Suppose -4*f - 3 - 1 = 0. Let v(t) = 4*t**2 - 1. Determine v(f).
3
Let t(b) = b**2 + b - 2. Let i be (3/9 - 1)*-15. Suppose 3*y - 4*c - 6 = -0*y, -5*y + i = -2*c. Suppose 0*m + 4*m + g + 8 = 0, -3*m - 6 = y*g. Give t(m).
0
Let d(a) = a**2 - 8. Let h(k) = k**3 - 2*k**2 - 4*k + 3. Let j be h(3). Calculate d(j).
-8
Let c(k) = -3*k + 3*k + 2*k + 1 - 5. Let p(b) = -b + 5. Let f(r) = -2*c(r) - 3*p(r). Give f(-4).
-3
Let z(m) = -3*m**2 + 3*m - 1. Let s(l) = -16*l**2 + 15*l - 5. Let p(y) = 2*s(y) - 11*z(y). Calculate p(4).
5
Let h be 8/(-20) + 34/10. Let w(l) be the first derivative of l**2 - 4/3*l**h + l + 2. Give w(-1).
-5
Suppose -4 = -x - 1. Suppose 0 = -x*n + 6*n - 15. Let z(s) = 0*s**2 - s - n*s**3 + 1 + 0 + s**2. Calculate z(1).
-4
Let l(a) be the third derivative of -1/60*a**5 - a**2 + 0 - 1/6*a**3 + 0*a + 1/12*a**4. Give l(2).
-1
Suppose -2*l + 6*l - 4*w - 8 = 0, -10 = 5*l - w. Let j be l + -3 + 3 - -1. Let z(x) = -x**2. What is z(j)?
-4
Let r(p) = -p**3 + 6*p**2 - 6*p - 1. Let g(k) = -k**2 + 4*k + 2. Let q be g(3). Calculate r(q).
-6
Suppose 4*n + 0*y - 10 = -2*y, 2*n - 2*y 